7418. What is the highest common divisor of 2563 and p?
11
Let z = 4129 + -4052. What is the highest common divisor of z and 1529?
11
Let m = 2543 + -1971. What is the highest common divisor of 308 and m?
44
Suppose 3*f + 4*b - 179 = 0, f + 17*b - 60 = 16*b. Let n be (6/4)/(1/2). Suppose -n*s - 19 = -f. What is the greatest common factor of s and 21?
7
Suppose -4*j + 1777 = -3*u, -4*j - u = -2216 + 419. Calculate the highest common factor of j and 384.
64
Let o(a) be the third derivative of a**6/120 + a**5/12 - a**4/4 + 13*a**3/6 - 41*a**2. Let l be o(-6). What is the greatest common factor of l and 208?
13
Let p(f) = -896*f + 5. Let b be p(0). What is the highest common divisor of b and 12955?
5
Suppose 2*n - 1529 = -5*y - 1142, -y = -3*n + 504. Let b = 103 + 11. Calculate the greatest common factor of b and n.
57
Suppose -15*w = -13*w - y - 9591, 19181 = 4*w - 3*y. What is the highest common factor of w and 44?
44
Let q(h) = h**2 + 100*h + 2477. Let n be q(-39). Calculate the greatest common divisor of n and 1792.
14
Let l = -4574 + 5120. Calculate the highest common factor of 24 and l.
6
Let d(t) = 3 + 5 + 1 + 2 + t. Let o be d(-11). Suppose o = -2*i - 13 + 57. What is the highest common factor of 33 and i?
11
Suppose 2*w = -3*y - 6 - 3, -3*w + 9 = -3*y. Suppose w = -15*h + 874 - 154. What is the greatest common divisor of 400 and h?
16
Suppose -59 + 2 = p. Let a = p + 60. What is the greatest common divisor of a and 1?
1
Suppose 20 = -5*a, -22*a = -5*q - 24*a + 22. Let j(d) = -d - 7. Let p be j(-6). Let r be p/(-3) + 89/3. What is the highest common divisor of q and r?
6
Let p(x) = -x**2 + 85*x - 642. Let w be p(42). What is the greatest common factor of w and 24?
12
Suppose 0 = -2*l - 2*t - 67 + 165, 2*l + 3*t - 101 = 0. What is the greatest common factor of 3335 and l?
23
Let x be -2*(143/22 - 3). Let g(a) = 29*a + 21. Let b(t) = -7*t - 5. Let p(z) = 18*b(z) + 4*g(z). Let q be p(x). What is the highest common factor of q and 96?
32
Suppose 40 = 5*n + 5*v, n + 0*v = 3*v. Let j be (n/8)/(18/240). Let r be 486/90 - 4/j. Calculate the highest common divisor of 25 and r.
5
Let u(a) = 3*a**2 + 115*a + 336. Let c be u(-3). What is the highest common divisor of 1398 and c?
6
Suppose 0 = -77*n + 82*n + 15, 4*y = -n + 13. Calculate the highest common factor of y and 1562.
2
Let j = -35 - -41. Let v be 142 + j + 5 + -6. What is the highest common factor of v and 49?
49
Let l be (-186)/4 - (-7)/(-14). Let k = l - -70. Suppose -4*d + k = -13. What is the highest common divisor of 9 and d?
9
Suppose -3058 = -66*p + 26*p - 378. Calculate the greatest common factor of 2680 and p.
67
Suppose 2*s = -3*s - 5. Let r be -8 + 9 - (s - 107). Let b be 24/14*(r + 17). What is the highest common factor of 8 and b?
8
Suppose -z + 9 = -0. Let p(w) = 24*w**2 + 882*w + 4377. Let a be p(-5). What is the greatest common factor of a and z?
9
Suppose 14*g - 17*g + 2319 = 0. Suppose -11*n = -g - 723. Calculate the highest common divisor of n and 34.
34
Let t(v) = v**2 + 6*v - 7. Let l be t(-8). Suppose 2*c - l = -51. Let y = -13 - c. What is the highest common divisor of 88 and y?
8
Let h(g) = g**3 - 8*g**2 + 8*g - 29. Let u be h(10). Suppose 3*m = 4*f - 85 - u, 3*f = 3*m + 252. What is the greatest common divisor of f and 84?
84
Suppose -7*b + 5507 + 87157 = 32*b. What is the greatest common factor of b and 110?
22
Suppose -2*y = 4*a - 2300, -4*a - 4504 = -12*y + 8*y. Calculate the highest common factor of y and 784.
14
Let v = -3804 - -3877. What is the greatest common factor of v and 73?
73
Let j(r) = r**2 + 23. Let x be 1/(-4) + (-595)/(-140). Let h be j(x). What is the greatest common divisor of h and 429?
39
Suppose 224 = 4*x - 944. Let z = -1137 + x. Let t be 18/63 + z/(-7). Calculate the greatest common factor of 11 and t.
11
Let x be -3 + 14*(-3)/(-12) - 393/(-6). Calculate the greatest common factor of 32406 and x.
66
Let u(p) = -322*p + 323*p + 7 + 53. Let o be u(-30). Suppose -2*c + 22 + o = 0. What is the highest common divisor of 91 and c?
13
Let m(l) = 4*l**2 + 10*l - 6. Let r be m(-4). Let y be (-4 + -11)*120/(-100). What is the highest common factor of r and y?
18
Suppose -2*q = -4*q + 2*b + 116, 5*q + 2*b = 304. Let h be ((-448)/20)/((-3)/q*2). What is the highest common divisor of 32 and h?
32
Let h(r) = 2413*r - 253. Let n be h(3). Calculate the highest common factor of 14 and n.
14
Suppose 0 = 5*o - 2*o. Let h be (46/(-2))/(o - 1). Suppose 0 = -29*n - 34 + 182 + 519. Calculate the greatest common factor of n and h.
23
Let m be (6/(-5))/(-2 - (-5681)/2860). Calculate the greatest common factor of m and 872.
8
Let c = 10868 - 10860. What is the highest common factor of c and 3368?
8
Let y(r) = 336*r**2 + 16*r - 1. Let g be y(1). What is the greatest common divisor of 108 and g?
27
Let u(v) = 6*v**3 + 2*v**2 + 9*v - 57. Let f be u(13). Calculate the highest common factor of f and 140.
140
Let i = -4793 - -5253. What is the greatest common divisor of 276 and i?
92
Let s = 466 - 466. Suppose -18*m + 15*m + 2304 = s. What is the greatest common factor of m and 32?
32
Let z = -168 + -91. Let v = 262 + z. Calculate the greatest common divisor of v and 33.
3
Suppose -11 = h - q + 5, 0 = -h - 5*q - 16. Let l be 0 - (-4)/h - 15/4. Let x be l/(-12)*(18 + (-3)/1). Calculate the greatest common divisor of x and 35.
5
Let v(o) = 33*o + 47*o + 5 + 38*o - 21. Let r be v(4). Calculate the highest common divisor of r and 72.
24
Let h be ((-1038)/(-12)*(-1 + -1))/(203/(-13804)). What is the highest common factor of h and 68?
68
Let q(i) = 1246*i + 9099. Let s be q(-7). Calculate the highest common divisor of 58 and s.
29
Let n = 417 - 256. Let l = n + -153. What is the greatest common divisor of 216 and l?
8
Suppose -4*w = 2*v - 450, 16*v - 12*v = 2*w - 220. Suppose -9 = -2*q - 1. Suppose q*g - 48 = g. What is the greatest common factor of g and w?
16
Let v = 57 - 39. Let t be (2 - -4)*11/22. Suppose 2*n + t*p = -2*p + 19, -9 = -3*p. Calculate the greatest common factor of n and v.
2
Suppose -840 = -70*w + 8*w + 6*w. What is the highest common factor of 8895 and w?
15
Suppose -102 = -8*l - 1350. Let z be l/195*(-30)/1. What is the greatest common factor of z and 21?
3
Let b(x) = 34*x**2 - 2*x - 3. Let r be b(-2). Let o(s) = -5*s - 75. Let y be o(-6). Let p = r - y. What is the highest common factor of 26 and p?
26
Let v(b) = -7*b - 24. Let w be v(22). Let o = w - -212. Calculate the greatest common factor of o and 170.
34
Let c be -5 - -4*-41*3/(-6). What is the greatest common divisor of c and 22?
11
Let o be 6/1 - (56/8)/7. Suppose o*l - b = 28, -28 = -4*l - 3*b + b. What is the highest common factor of l and 72?
6
Suppose 4*y - 28 = -2*j + 74, 2*j + 48 = 2*y. Suppose y*z - 375 = -25. Calculate the greatest common factor of z and 189.
7
Let o(a) = 90*a**2 - 3*a + 3. Let l be o(1). Let b(y) = 54*y - 1506. Let i be b(34). What is the highest common factor of i and l?
30
Suppose -4 = 5*o - 14. Let z be (17/(-2))/(o/(-4)). Suppose 0 = -2*u + m + 96, 5*u + 3*m = -347 + 620. What is the greatest common divisor of z and u?
17
Let q(o) = 178*o - 826. Let d be q(7). Calculate the greatest common factor of 1295 and d.
35
Let n = 4 + 5. Let v = -48 + 24. Let p be 42/((32/v)/((-6)/3)). Calculate the greatest common factor of p and n.
9
Suppose u + 4*u - 1050 = 0. Let c be (-2)/(-8) + u/24. Let r be (8 + -20)*(-27)/6. Calculate the greatest common factor of c and r.
9
Let h(s) = s**3 - 2*s**2 + 2*s + 8. Let o(t) = -5*t**3 - t**2 - 3*t - 2. Let z be o(-1). Let f be h(z). Calculate the highest common factor of f and 837.
93
Let m(c) = -c**2 - 11*c - 21. Let a be m(-5). Let s be a*(-222)/(-30)*(-10)/(-6). Suppose -4*v - 11 = -s. What is the highest common divisor of v and 10?
5
Let o be (16/((-320)/(-15)))/(3/40). What is the highest common factor of 2000 and o?
10
Let m(o) = -573*o + 9967. Let x be m(16). What is the greatest common divisor of 119 and x?
17
Let m be (-5)/20 - (-1407)/12. Suppose m = 8*a - 139. Let b be (-2)/(a/(-284)) + 1/4. Calculate the greatest common factor of b and 27.
9
Suppose 0 = -3*s - 2*n + 2758, -60*n + 1 = -61*n. Calculate the greatest common divisor of 1748 and s.
92
Let f(v) = -1 + 41 + 3*v - 13 - 12. Let m be f(15). Calculate the highest common fa